 What is the units digit of a?
4
Let h = -5 + 9. Suppose 2*c - 59 = -h*a - 11, 5*c + 2*a - 88 = 0. What is the tens digit of c?
1
Let b(u) = -u**3 - 2*u**2 + 3*u + 3. Let g be b(-3). Let p = 1 + g. What is the tens digit of p/(-10) + (-72)/(-5)?
1
Suppose 0 = -2*t - t + 321. Suppose -t + 27 = -5*h. What is the units digit of h?
6
Suppose -a + 47 - 1 = 0. What is the units digit of a?
6
Suppose 2*z - 7*z = 15. Let m = z - -7. Let o(y) = -y**3 + 6*y**2 - 5*y. What is the tens digit of o(m)?
1
Let b be 5/2*(6 - 4). Suppose -89 = -4*k + b*f, -2*k + 2*f + 42 = -0*k. What is the units digit of k?
6
Suppose 3*g - 13 = 2*g. Let r(n) = -n + 5*n - 2*n - n**2 - n + g. What is the tens digit of r(0)?
1
Let i(c) = -c**2 - 5*c - 4. Let u be i(-3). Suppose -7*s + u*s = 0. Suppose s = -4*z + t + 35 + 6, -5*t - 16 = z. What is the units digit of z?
9
Let q(y) = -y**2 - 7*y - 1. Let l be q(-6). Suppose 4*i + 28 = 4*d, 33 = 4*d + l*i - 13. Let f = d + 1. What is the units digit of f?
0
Suppose 2*w = 240 + 14. What is the tens digit of w?
2
Let g(d) = d**2 - d. Let h be g(1). Suppose h = -2*a + 3*a - 12. What is the tens digit of a?
1
Let t(u) be the second derivative of u**4/12 + 9*u**2/2 + 2*u. Suppose 0 = -0*d + 2*d. What is the units digit of t(d)?
9
Let f(p) = 37*p**2 - p. What is the tens digit of f(-1)?
3
What is the hundreds digit of 2/(-6) + 9/((-135)/(-2030))?
1
Let i(w) = 103*w - 1. What is the units digit of i(1)?
2
Let h be 16/7 + 6/(-21). Let r be (0 + 0)*(h - 3). Suppose r = 2*v - 19 - 7. What is the units digit of v?
3
Let t(g) = 5*g + 10. What is the units digit of t(4)?
0
Suppose -5*o - 4*l = -22, 10*o = 5*o - 5*l + 25. Let t = -5 + o. Let h = 18 + t. What is the units digit of h?
5
Let a(k) = 6*k. Let t = 4 + -3. What is the units digit of a(t)?
6
Let i(u) = 4*u**2 - 5*u**2 - 3 + 13*u - 1 - 3. What is the units digit of i(12)?
5
Let p = 3 + 0. Suppose -q = p*k + 4, 6 = -2*k + 2. What is the units digit of 9/2 - (-1)/q?
5
Suppose -2 = -v - 0*v. Suppose -4*z + 2*s - 5*s = -22, -v*z - 2*s = -12. What is the units digit of z?
4
Let g(z) be the first derivative of z**3/3 + 5*z**2 - 3. Let i be g(-9). What is the units digit of (2/(-3))/(3/i)?
2
Suppose -y - 4*w + 15 = 0, 5*w = 3 + 2. Let r be 1 + 4 + -4 + 3. Suppose -3*q - 3*i + y = 2, 3*q - 6 = -r*i. What is the units digit of q?
6
Let u = -18 + 13. Let o(s) = -s**2 - 6*s + 1. Let w be o(u). What is the units digit of -2 + (w - -2*1)?
6
Let n(w) = 2*w + 5. Let f be -2*(-9)/6 - -2. What is the units digit of n(f)?
5
Suppose 3*c = 2*o - 0*o - 39, -c = o - 12. What is the units digit of o?
5
Suppose 4*i - 302 = 4*v + 14, 0 = -5*i - 2*v + 402. What is the units digit of i?
0
Let w(f) = f**2 + 3*f + 4. What is the tens digit of w(5)?
4
Suppose 3 = 4*i - 5. Suppose 3*m - 19 - i = 0. What is the units digit of m?
7
Let y be -3*1/(-6)*18. Suppose y = 2*x + x. What is the units digit of x?
3
Let a = 55 - -4. Let n = -39 + a. What is the units digit of n?
0
Let w be 14/(-2)*(-1)/1. Let l(g) = g**3 - 6*g**2 - 8*g + 2. Let x be l(w). Let y(q) = -2*q. What is the units digit of y(x)?
0
Let d be (127/2)/((-5)/(-10)). Suppose 0 = -4*g + d - 7. What is the tens digit of g?
3
Let u(d) = d**3 + d + 1. Let b be u(-1). Let j = b + 4. Suppose -j*s + 3 = -3. What is the units digit of s?
2
Let f(x) = x + 13. Let w be f(-9). Suppose -3*a - 4 = -w*a. Suppose -3*m - 95 = -a*u, 5*u + m + 0*m = 95. What is the units digit of u?
0
Let w = 174 + -108. Suppose 6*n = 3*n + w. What is the units digit of n?
2
Suppose -5*t = -2*t - 6. Suppose -2*n = -t - 2. Suppose -n*g = 3*g - 20. What is the units digit of g?
4
Let a = 15 - 5. Let n(y) = y - 5. What is the units digit of n(a)?
5
Suppose -5*r = n - 223, 4*n = -n + 15. What is the units digit of r?
4
Suppose -5*p = -3*d - 13 + 78, 2*p = 3*d - 26. Suppose -5*s + 3*a = -100, 2*s - 2*a + 7*a = 71. Let w = p + s. What is the tens digit of w?
1
Let z = -5 - -5. Let r(s) = -s**2 + s + 4. What is the units digit of r(z)?
4
Let v be -1 - 1 - -3 - -3. Suppose -1 = -4*p + 3*c, -2*p - v*c = 3*p - 40. Suppose -88 = -p*x - 4*s, -3*s + 25 = 2*s. What is the tens digit of x?
1
Suppose 4*d = -3*n + 2*n + 12, d - 18 = -4*n. Let h be 1*(d + -3) + 7. Suppose h*g = g + 40. What is the units digit of g?
8
Let y = 13 - 10. What is the units digit of 3/(y - (-27)/(-12))?
4
Let x(g) = 3*g - 13. Let f be x(6). Let r(n) = -n**3 + 5*n**2 + 8*n - 2. Let o be r(6). Suppose -f*z - 35 = -o*z. What is the units digit of z?
7
Let s = -127 - -240. What is the units digit of s?
3
Suppose 3*c = 7 + 2. Let w(h) = 1 + c + 3*h**2 + h**3 - 3*h + 1. What is the units digit of w(-4)?
1
Suppose 12 + 2 = -3*n + 4*v, 27 = n + 5*v. Suppose -n*g + 0*g + 2 = 0. What is the units digit of g?
1
Let h(u) = 17*u + 8. What is the units digit of h(5)?
3
Suppose -2*z - 3*z = -75. What is the units digit of z?
5
Suppose x - 7 = -v, 0 = -2*x - 1 - 9. What is the units digit of (-3)/(-2) - (-486)/v?
2
Suppose -138 = -5*o + 3*w - 20, -w = 4*o - 108. What is the tens digit of o?
2
Suppose w + 6 = 39. What is the tens digit of w?
3
Let y(j) = j**3 - 10*j**2 + 15*j + 10. Let h be y(8). Suppose h*u + 85 = 7*u. What is the tens digit of u?
1
Let s = -56 - -91. Let r = -10 + s. What is the units digit of r?
5
Let m(h) = 2*h**3 + h**2 - h - 1. Let p be m(-1). Let w be p/3*6/(-1). Let r = 0 + w. What is the units digit of r?
2
Suppose 0 = 21*c - 12869 + 4091. What is the hundreds digit of c?
4
Let f = 34 - 18. Let j be f + 1 - (-8 - -7). Let w = -11 + j. What is the units digit of w?
7
Let h(q) be the third derivative of q**5/60 - q**4/8 + q**3 + q**2. Let z(l) = 2*l + 2. Let f be z(1). What is the tens digit of h(f)?
1
Let c(t) = 180*t**2 + 2*t + 3. What is the units digit of c(-1)?
1
Suppose -2*v = -5*v + 2*z + 68, v - 5*z - 1 = 0. Suppose -4*c + v = 2*l - 8, -4*c + 38 = -2*l. What is the units digit of c?
9
Let k(l) = -4 - 2*l - 2 - 1 - 3*l. What is the tens digit of k(-5)?
1
Let p = 2 + 2. What is the units digit of p?
4
Suppose -6 = 3*k - 6*k. Suppose k*q + 14 = 4*d, -4*d = -7*d - q + 23. What is the units digit of d?
6
Let x(c) = c**2 + 13*c - 56. What is the hundreds digit of x(10)?
1
Let h(o) = -o + 9. Let l(k) = -k**2 + 8*k - 5. Let x be l(4). Let d be h(x). What is the units digit of (4 - -1)*(3 + d)?
5
Let o be 39/33 + 2/(-11). Let r be (-1)/(2 - (-17)/(-8)). What is the units digit of (r - o/1) + 2?
9
Let z(v) = -v + 4. Let q be z(4). Suppose i + 3*i - 92 = q. What is the tens digit of i?
2
Suppose -3*s + 4*s = j - 5, -5*s - 13 = -j. Suppose 0 = -j*q + 5*p + 44 + 20, -3*p = -q + 28. What is the tens digit of q?
1
Let h(m) = m**2 + 9*m + 5. Let x be h(-8). Let o(q) = q**3 + 4*q**2 - q - 3. What is the units digit of o(x)?
9
Let u be (-5)/(-2*3/6). Suppose -t + 18 = -c, u*t - 70 = c + 20. What is the tens digit of t?
1
Let d = -31 + 44. Suppose 4*w - 14 = k, -5*w + 4*k = -10 - d. Suppose 2*l + t - 6 = 0, -l - 3*t + w = -5. What is the units digit of l?
2
Let m(v) = -5*v + 2. What is the tens digit of m(-2)?
1
Let o(h) = -3 + h - 4 + 9. What is the units digit of o(7)?
9
Let w(k) = -k**3 + 18*k**2 + 48*k + 23. What is the tens digit of w(20)?
8
Suppose -12*l = -7*l - 215. What is the tens digit of l?
4
Let r be 10/6*(-3)/(-1). Suppose -4*k = 2*m - 62, 0 = -r*k + m + 46 + 35. What is the units digit of k?
6
Let f = 2 + 1. Suppose 2*t - 4*n = -2, 5*n = 4*t - f*t + 7. What is the units digit of t?
3
Suppose -27 = -5*b - 2. Suppose -k = 2*k - b*c - 14, 4*c + 1 = -k. Suppose 11 = k*i + 2. What is the units digit of i?
3
Suppose 5*z = -j + 4, -3*j + 12 = -3*z - 0*z. Suppose 4*k = 3*x + 208 - 20, 2*k - 10 = z. What is the tens digit of 5/(-2)*x/10?
1
Let x = -7 + 11. Suppose -m = x*p - 3*m - 12, -p = 5*m + 8. Suppose -3*r + 32 = -2*b, p*r + r = -2*b + 28. What is the units digit of r?
0
Suppose 0*c + 10 = r + c, -10 = 5*c. What is the tens digit of ((-5)/4)/((-1)/r)?
1
What is the units digit of (4 - 3)*18*2?
6
Suppose -2*n + y = -0*y - 8, 5*n = y + 23. Suppose x + 8 = n*x. What is the units digit of x?
2
Let f be (3 - 4) + (3 - 2). Suppose -3*k + 16 + 20 = f. What is the tens digit of k?
1
Let a be 25/10*8/10. Suppose a*g + 3*g = 95. What is the units digit of g?
9
Let c = 3 - 3. Suppose -5*g + 5*r + 100 = c, -3*g = -2*r + r - 52. Suppose 